List the prime factors of o(43).
2, 367
List the prime factors of (4 + 133)/((-5 + 12)/14).
2, 137
Let c(g) be the second derivative of g**5/20 + 3*g**4/4 - g**3/6 - 3*g**2 + 5*g. Let z be c(-9). List the prime factors of ((-1)/(-2))/(z/12).
2
What are the prime factors of 2053 - (18 - 5 - 2)?
2, 1021
List the prime factors of ((-5376)/(-10))/((-174)/(-580)).
2, 7
Suppose -5*k = -o + 163 + 826, -2931 = -3*o + 3*k. What are the prime factors of o?
2, 487
Let b = -220 + 446. What are the prime factors of b?
2, 113
Let n(f) = -10*f**2 - f + 1241. List the prime factors of n(0).
17, 73
Let x be 0*(5/3)/(-5). Suppose -4*c - 12 = -x. What are the prime factors of c/(-6) - (-74)/4?
19
Let l = 6984 - 4048. What are the prime factors of l?
2, 367
Let o = 0 + 3. Suppose q - 4*q = h - 273, 4*h + o*q - 1065 = 0. List the prime factors of h.
2, 3, 11
What are the prime factors of (-8840)/(-65) - -10*1?
2, 73
What are the prime factors of 1860 - (-9)/45*5?
1861
Let x(o) = -65*o**2 + 3*o + 4. Let u be x(3). List the prime factors of (-42)/28*u/6.
11, 13
Suppose -c - 43 = f - 0*c, 4*c = 5*f + 224. Let h be 8/f - 570/11. Let q = 88 + h. What are the prime factors of q?
2, 3
Let t = 110 + -76. Suppose 31*d - t*d = -552. List the prime factors of d.
2, 23
Suppose -5*j - 3*l = -8, -j - 5*l - 17 = -1. Suppose 8*n - 20 = j*n. What are the prime factors of n?
5
Let i = -106 + 101. Let d(o) = -2*o**3 - 4*o**2 + 9*o + 12. What are the prime factors of d(i)?
3, 13
Let q = -40 - -79. Let r = 5 - 5. Suppose 3*n - 6 - q = r. List the prime factors of n.
3, 5
Suppose -5380 - 1710 = -2*l. What are the prime factors of l?
5, 709
Suppose 7*t = 316 + 62. Suppose -49*b + t*b = 1480. What are the prime factors of b?
2, 37
Let r(o) = -o**2 - 8*o - 11. Let s be r(-4). Suppose s*m + 156 = 6*m. What are the prime factors of m?
2, 3, 13
What are the prime factors of (-12273)/(-15) + -1 - (-16)/20?
2, 409
Let b be (-1334)/(-9) + 18/(-81). Suppose 4*w = -0*w + b. What are the prime factors of w?
37
Suppose 2*b = o - 15 + 7, 0 = 2*o + 5*b - 34. Let u be 4/(-10)*(-30)/o. What are the prime factors of (-4 - -21) + -3*u?
2, 7
What are the prime factors of (-4)/18 + ((-5712)/27)/(-7)?
2, 3, 5
Let b(v) = -2*v**3 + 2*v**2 - 3*v + 2. Let k be b(-3). Suppose -19 = -4*c - k. What are the prime factors of c/6*(-4 - 8)?
2
Let z(a) = 4*a**2 + 5*a - 22. List the prime factors of z(-17).
1049
Let t(s) = 50*s - 138. What are the prime factors of t(36)?
2, 3, 277
Let j(w) be the first derivative of -4/3*w**3 - 1/2*w**2 - 1/4*w**4 + 4*w - 4. What are the prime factors of j(-4)?
2
Let x = 5227 + -2828. What are the prime factors of x?
2399
Suppose -22365 = 498*n - 507*n. What are the prime factors of n?
5, 7, 71
Suppose -s = -2*o - 873, 354 = s + 4*o - 513. List the prime factors of s.
13, 67
Suppose 7*f - 18 = 10. Let h(y) be the second derivative of y**5/20 - y**4/3 + 5*y**3/6 - 7*y**2/2 + y. List the prime factors of h(f).
13
Suppose v = -4 + 9. Suppose v*f = l + 263, 11 = -3*l + 2. Suppose -2*d = -t + 11 + 14, -2*t = -2*d - f. What are the prime factors of t?
3
Let a(x) = x + 4. Let c be a(-4). Suppose c = u - 4*s - 55, -2*u - s = 42 - 125. List the prime factors of u.
43
Let g(x) = 3*x**2 - x + 1. Let i be g(1). Let d be 21/i + (-6)/2. List the prime factors of 3 + (0/d - 1).
2
Suppose -h = 6 + 6. What are the prime factors of (-92)/(-6)*(-18)/h?
23
Let r(s) = -s + 2. Suppose -36 = 4*q - a, -2*q - 6 = -3*a + 2. Let k be r(q). What are the prime factors of 8*3*8/k?
2
Let t(y) = y**3 - 3*y**2 - 6*y + 298. List the prime factors of t(0).
2, 149
Suppose -26*s - 708 = -29*s. List the prime factors of s.
2, 59
Suppose 11403 = 6*r - 675. List the prime factors of r.
3, 11, 61
Suppose -279 = -5*x + 91. Let l = x - 50. List the prime factors of l.
2, 3
Let x = 63 - 22. Suppose -2*p = 2*s + 14, -p - 2*s - 5 = -1. Let i = p + x. What are the prime factors of i?
31
Suppose -13*p - 638 = -6176. What are the prime factors of p?
2, 3, 71
Let i = -311 + 1414. What are the prime factors of i?
1103
List the prime factors of (-5344)/(-5) - 270/(-225).
2, 5, 107
Let k(w) = 3*w**2 + 2*w + 29. What are the prime factors of k(0)?
29
Suppose 8*l - 1107 = -211. What are the prime factors of l?
2, 7
Let n be (3/(-3))/((-2)/(-6)). List the prime factors of 3 - -16 - (6 + n).
2
Suppose 9 = 4*g - 3*m, -1 = -4*g + 2*m + 5. Let s be 25/(6/(-4) + 2). Suppose 3*i - l - 158 = g, -2*i - s = -3*i + 3*l. What are the prime factors of i?
53
Let p = 855 - -10. What are the prime factors of p?
5, 173
Suppose -22 + 2 = -4*b, -3*h + 2*b = -1466. What are the prime factors of h?
2, 3, 41
Suppose -m = 8*m - 20070. List the prime factors of m.
2, 5, 223
Let t be (-4)/3*(76/8 - 8). Let c = -3 + 5. List the prime factors of 8/t + 64 + c.
2, 31
Suppose -3*f + 3*r = -0*r - 6, 0 = -3*f - 2*r + 31. Let x = -3 + f. Suppose -5*o = 3*q - 23, o = 3*q - x + 5. List the prime factors of o.
2
Let d(m) be the second derivative of -m**4/12 - 13*m**3/6 + 7*m**2 - m. Suppose 13*s + 96 = 5*s. List the prime factors of d(s).
2, 13
Suppose 412 = 2*m - 2*r, 5*m - r = r + 1024. What are the prime factors of m?
2, 3, 17
Suppose -4358 = -14*y + 12*y + 4*j, 4*y - 4*j = 8708. What are the prime factors of y?
3, 5, 29
Let a(r) = -4*r**2 + 10*r - 3. Let q be a(2). List the prime factors of q/5 + (-8136)/(-45).
181
Let p(k) = -4*k + 3. Let g be p(2). Let t be -3 - g - (-13 + 0). Let f = t - 7. List the prime factors of f.
2
Let z(g) = -97*g + 43. Let d be z(-6). Let o = d + -426. List the prime factors of o.
199
Let t = -1652 - -2272. What are the prime factors of t?
2, 5, 31
Suppose 2*z - 110 - 236 = -2*i, -3*z + 517 = i. What are the prime factors of z?
2, 43
Let c(f) = -3*f**3 - 5*f**2 - 6*f - 1. Let h(t) = t**2 + 4*t - 4. Let j be h(0). List the prime factors of c(j).
3, 5
Let x = -3703 + 5322. List the prime factors of x.
1619
Let q be (-4 - -1)*(-4)/(-6). Let k be -2*-3*q/(-4). Suppose 5*y - 36 = k*y. What are the prime factors of y?
2, 3
Let t(s) = -21*s + 25. Let b be t(-11). List the prime factors of (1 + 0)/(8/b).
2
Let l(q) = 5*q**3 + 7*q**2 - 71*q + 23. List the prime factors of l(7).
2, 3, 11
Let g(t) = t**3 + t**2 - 13*t - 4. Let n be g(-4). Suppose 2*k + 4 + 6 = n, -379 = -3*m - k. List the prime factors of m.
2
Let y be ((-210)/49)/(3/(-14)). Let p be ((-56)/y)/((-4)/20). Suppose -15*u + p*u = -39. What are the prime factors of u?
3, 13
Let h(s) = 6*s - 4 - 11 - 2*s + 2*s. Let k be h(-7). Let t = -41 - k. What are the prime factors of t?
2
Suppose 7 - 1 = 2*o. Suppose o*l - 4*l = -64. What are the prime factors of l?
2
Let v(n) = -11*n - 6. Let o be ((-45)/25)/((-9)/30). Let c(q) = -q**3 + 7*q**2 - 6*q - 3. Let j be c(o). List the prime factors of v(j).
3
Suppose 0 = -v + 35 + 916. What are the prime factors of v?
3, 317
Let q = 159 + -38. What are the prime factors of q?
11
Let g = -379 - -539. Suppose 3*k + 1153 = 2*q, -q - 231 - g = k. What are the prime factors of k/(-36) + (-2)/(-8)?
11
Suppose 3*k - l = -0*l + 16, -5*l = -2*k + 28. Suppose v - k = 0, 5*v + 162 = -4*s + 566. What are the prime factors of s?
2, 3
Let v = 51 + -1. Let m = 25 + -23. Suppose -5*p - m*k + v = k, -3*p + 3*k + 54 = 0. What are the prime factors of p?
13
Suppose 4*o = -3*i - 3, 2*i + 0*i - 2*o = -2. What are the prime factors of i/((-2)/6) + (86 - 7)?
2, 41
Let z(i) = -3*i**3 + 25*i**2 - 9*i - 11. Let v be z(8). Let b = -19 + 32. Let f = b - v. List the prime factors of f.
2
Let d(q) = 4*q**2 - 2. Let g = -7 + 10. What are the prime factors of d(g)?
2, 17
Let l be (2/(-6))/(4 - (-21748)/(-5436)). Suppose 3193 = 10*n + l. List the prime factors of n.
2, 137
What are the prime factors of 6/6*-7 + 1 + 732?
2, 3, 11
Let c(p) = -p**3 - 3*p**2 - 1. Let a be c(-6). Let u = -33 - -93. Let j = a - u. List the prime factors of j.
47
Let b(w) = -w**3 - 6*w**2 - 2*w - 3. Let q be b(-6). Let n be (q*1)/(12/200). Suppose -n = -4*x - x. List the prime factors of x.
2, 3, 5
Suppose -3*q = -8*q + 20. Suppose 0 = -i + q*y + 35, -i - 3*y - 123 = -4*i. What are the prime factors of i?
43
Let i be 232/((-20)/(-5))*-1. Let y = -34 - i. What are the prime factors of y?
2, 3
Let y(n) = n**3 + 8*n**2 + 2*n - 8. Let u be (1 + (34/(-7) - -3))*7. List the prime factors of y(u).
2, 13
Let p be 1122/